{"id":15875,"date":"2024-05-13T13:27:51","date_gmt":"2024-05-13T11:27:51","guid":{"rendered":"https:\/\/laresidenciatarifa.com\/oferta\/sind-sie-eine-freie-seele\/"},"modified":"2025-10-20T16:32:43","modified_gmt":"2025-10-20T14:32:43","slug":"sind-sie-eine-freie-seele","status":"publish","type":"oferta","link":"https:\/\/laresidenciatarifa.com\/de\/oferta\/sind-sie-eine-freie-seele\/","title":{"rendered":"Tarifa Flexibles Netz"},"content":{"rendered":"\n<p>Wir m\u00f6chten das Hotel sein, das Sie direkt und nicht \u00fcber Dritte buchen&#8230;<\/p>\n\n\n\n<p>Buchen Sie hier; Sie erhalten den <strong>besten verf\u00fcgbaren Preis und die gr\u00f6\u00dfte Flexibilit\u00e4t.<\/strong><\/p>\n","protected":false},"featured_media":18606,"template":"","meta":{"_acf_changed":false,"footnotes":""},"categoria-oferta":[115],"class_list":["post-15875","oferta","type-oferta","status-publish","has-post-thumbnail","hentry","categoria-oferta-preise-mit-unterkunft"],"acf":[],"yoast_head":"<!-- This site is optimized with the Yoast SEO plugin v27.5 - https:\/\/yoast.com\/product\/yoast-seo-wordpress\/ -->\n<title>Tarifa Flexibles Netz - La Residencia Tarifa<\/title>\n<meta name=\"robots\" content=\"noindex, follow\" \/>\n<meta property=\"og:locale\" content=\"de_DE\" \/>\n<meta property=\"og:type\" content=\"article\" \/>\n<meta property=\"og:title\" content=\"Tarifa Flexibles Netz - La Residencia Tarifa\" \/>\n<meta property=\"og:description\" content=\"Wir m\u00f6chten das Hotel sein, das Sie direkt und nicht \u00fcber Dritte buchen&#8230; Buchen Sie hier; Sie erhalten den besten verf\u00fcgbaren Preis und die gr\u00f6\u00dfte Flexibilit\u00e4t.\" \/>\n<meta property=\"og:url\" content=\"https:\/\/laresidenciatarifa.com\/de\/oferta\/sind-sie-eine-freie-seele\/\" \/>\n<meta property=\"og:site_name\" content=\"La Residencia Tarifa\" \/>\n<meta property=\"article:modified_time\" content=\"2025-10-20T14:32:43+00:00\" \/>\n<meta property=\"og:image\" content=\"https:\/\/laresidenciatarifa.com\/wp-content\/uploads\/2025\/01\/hotel-tarifa-trabaja-con-nosotros-4-1.jpg\" \/>\n\t<meta property=\"og:image:width\" content=\"1500\" \/>\n\t<meta property=\"og:image:height\" content=\"803\" \/>\n\t<meta property=\"og:image:type\" content=\"image\/jpeg\" \/>\n<meta name=\"twitter:card\" content=\"summary_large_image\" \/>\n<meta name=\"twitter:label1\" content=\"Gesch\u00e4tzte Lesezeit\" \/>\n\t<meta name=\"twitter:data1\" content=\"1\u00a0Minute\" \/>\n<script type=\"application\/ld+json\" class=\"yoast-schema-graph\">{\"@context\":\"https:\\\/\\\/schema.org\",\"@graph\":[{\"@type\":\"WebPage\",\"@id\":\"https:\\\/\\\/laresidenciatarifa.com\\\/de\\\/oferta\\\/sind-sie-eine-freie-seele\\\/\",\"url\":\"https:\\\/\\\/laresidenciatarifa.com\\\/de\\\/oferta\\\/sind-sie-eine-freie-seele\\\/\",\"name\":\"Tarifa Flexibles Netz - La Residencia Tarifa\",\"isPartOf\":{\"@id\":\"https:\\\/\\\/laresidenciatarifa.com\\\/de\\\/#website\"},\"primaryImageOfPage\":{\"@id\":\"https:\\\/\\\/laresidenciatarifa.com\\\/de\\\/oferta\\\/sind-sie-eine-freie-seele\\\/#primaryimage\"},\"image\":{\"@id\":\"https:\\\/\\\/laresidenciatarifa.com\\\/de\\\/oferta\\\/sind-sie-eine-freie-seele\\\/#primaryimage\"},\"thumbnailUrl\":\"https:\\\/\\\/laresidenciatarifa.com\\\/wp-content\\\/uploads\\\/2025\\\/01\\\/hotel-tarifa-trabaja-con-nosotros-4-1.jpg\",\"datePublished\":\"2024-05-13T11:27:51+00:00\",\"dateModified\":\"2025-10-20T14:32:43+00:00\",\"breadcrumb\":{\"@id\":\"https:\\\/\\\/laresidenciatarifa.com\\\/de\\\/oferta\\\/sind-sie-eine-freie-seele\\\/#breadcrumb\"},\"inLanguage\":\"de\",\"potentialAction\":[{\"@type\":\"ReadAction\",\"target\":[\"https:\\\/\\\/laresidenciatarifa.com\\\/de\\\/oferta\\\/sind-sie-eine-freie-seele\\\/\"]}]},{\"@type\":\"ImageObject\",\"inLanguage\":\"de\",\"@id\":\"https:\\\/\\\/laresidenciatarifa.com\\\/de\\\/oferta\\\/sind-sie-eine-freie-seele\\\/#primaryimage\",\"url\":\"https:\\\/\\\/laresidenciatarifa.com\\\/wp-content\\\/uploads\\\/2025\\\/01\\\/hotel-tarifa-trabaja-con-nosotros-4-1.jpg\",\"contentUrl\":\"https:\\\/\\\/laresidenciatarifa.com\\\/wp-content\\\/uploads\\\/2025\\\/01\\\/hotel-tarifa-trabaja-con-nosotros-4-1.jpg\",\"width\":1500,\"height\":803},{\"@type\":\"BreadcrumbList\",\"@id\":\"https:\\\/\\\/laresidenciatarifa.com\\\/de\\\/oferta\\\/sind-sie-eine-freie-seele\\\/#breadcrumb\",\"itemListElement\":[{\"@type\":\"ListItem\",\"position\":1,\"name\":\"Portada\",\"item\":\"https:\\\/\\\/laresidenciatarifa.com\\\/de\\\/\"},{\"@type\":\"ListItem\",\"position\":2,\"name\":\"Tarifa Flexibles Netz\"}]},{\"@type\":\"WebSite\",\"@id\":\"https:\\\/\\\/laresidenciatarifa.com\\\/de\\\/#website\",\"url\":\"https:\\\/\\\/laresidenciatarifa.com\\\/de\\\/\",\"name\":\"La Residencia Tarifa\",\"description\":\"Hotel, apartamentos, spa y restaurante\",\"publisher\":{\"@id\":\"https:\\\/\\\/laresidenciatarifa.com\\\/de\\\/#organization\"},\"potentialAction\":[{\"@type\":\"SearchAction\",\"target\":{\"@type\":\"EntryPoint\",\"urlTemplate\":\"https:\\\/\\\/laresidenciatarifa.com\\\/de\\\/?s={search_term_string}\"},\"query-input\":{\"@type\":\"PropertyValueSpecification\",\"valueRequired\":true,\"valueName\":\"search_term_string\"}}],\"inLanguage\":\"de\"},{\"@type\":\"Organization\",\"@id\":\"https:\\\/\\\/laresidenciatarifa.com\\\/de\\\/#organization\",\"name\":\"La Residencia Tarifa\",\"url\":\"https:\\\/\\\/laresidenciatarifa.com\\\/de\\\/\",\"logo\":{\"@type\":\"ImageObject\",\"inLanguage\":\"de\",\"@id\":\"https:\\\/\\\/laresidenciatarifa.com\\\/de\\\/#\\\/schema\\\/logo\\\/image\\\/\",\"url\":\"https:\\\/\\\/laresidenciatarifa.com\\\/wp-content\\\/uploads\\\/2022\\\/12\\\/logoLaResidencia.png\",\"contentUrl\":\"https:\\\/\\\/laresidenciatarifa.com\\\/wp-content\\\/uploads\\\/2022\\\/12\\\/logoLaResidencia.png\",\"width\":113,\"height\":75,\"caption\":\"La Residencia Tarifa\"},\"image\":{\"@id\":\"https:\\\/\\\/laresidenciatarifa.com\\\/de\\\/#\\\/schema\\\/logo\\\/image\\\/\"}}]}<\/script>\n<!-- \/ Yoast SEO plugin. -->","yoast_head_json":{"title":"Tarifa Flexibles Netz - La Residencia Tarifa","robots":{"index":"noindex","follow":"follow"},"og_locale":"de_DE","og_type":"article","og_title":"Tarifa Flexibles Netz - La Residencia Tarifa","og_description":"Wir m\u00f6chten das Hotel sein, das Sie direkt und nicht \u00fcber Dritte buchen&#8230; Buchen Sie hier; Sie erhalten den besten verf\u00fcgbaren Preis und die gr\u00f6\u00dfte Flexibilit\u00e4t.","og_url":"https:\/\/laresidenciatarifa.com\/de\/oferta\/sind-sie-eine-freie-seele\/","og_site_name":"La Residencia Tarifa","article_modified_time":"2025-10-20T14:32:43+00:00","og_image":[{"width":1500,"height":803,"url":"https:\/\/laresidenciatarifa.com\/wp-content\/uploads\/2025\/01\/hotel-tarifa-trabaja-con-nosotros-4-1.jpg","type":"image\/jpeg"}],"twitter_card":"summary_large_image","twitter_misc":{"Gesch\u00e4tzte Lesezeit":"1\u00a0Minute"},"schema":{"@context":"https:\/\/schema.org","@graph":[{"@type":"WebPage","@id":"https:\/\/laresidenciatarifa.com\/de\/oferta\/sind-sie-eine-freie-seele\/","url":"https:\/\/laresidenciatarifa.com\/de\/oferta\/sind-sie-eine-freie-seele\/","name":"Tarifa Flexibles Netz - La Residencia Tarifa","isPartOf":{"@id":"https:\/\/laresidenciatarifa.com\/de\/#website"},"primaryImageOfPage":{"@id":"https:\/\/laresidenciatarifa.com\/de\/oferta\/sind-sie-eine-freie-seele\/#primaryimage"},"image":{"@id":"https:\/\/laresidenciatarifa.com\/de\/oferta\/sind-sie-eine-freie-seele\/#primaryimage"},"thumbnailUrl":"https:\/\/laresidenciatarifa.com\/wp-content\/uploads\/2025\/01\/hotel-tarifa-trabaja-con-nosotros-4-1.jpg","datePublished":"2024-05-13T11:27:51+00:00","dateModified":"2025-10-20T14:32:43+00:00","breadcrumb":{"@id":"https:\/\/laresidenciatarifa.com\/de\/oferta\/sind-sie-eine-freie-seele\/#breadcrumb"},"inLanguage":"de","potentialAction":[{"@type":"ReadAction","target":["https:\/\/laresidenciatarifa.com\/de\/oferta\/sind-sie-eine-freie-seele\/"]}]},{"@type":"ImageObject","inLanguage":"de","@id":"https:\/\/laresidenciatarifa.com\/de\/oferta\/sind-sie-eine-freie-seele\/#primaryimage","url":"https:\/\/laresidenciatarifa.com\/wp-content\/uploads\/2025\/01\/hotel-tarifa-trabaja-con-nosotros-4-1.jpg","contentUrl":"https:\/\/laresidenciatarifa.com\/wp-content\/uploads\/2025\/01\/hotel-tarifa-trabaja-con-nosotros-4-1.jpg","width":1500,"height":803},{"@type":"BreadcrumbList","@id":"https:\/\/laresidenciatarifa.com\/de\/oferta\/sind-sie-eine-freie-seele\/#breadcrumb","itemListElement":[{"@type":"ListItem","position":1,"name":"Portada","item":"https:\/\/laresidenciatarifa.com\/de\/"},{"@type":"ListItem","position":2,"name":"Tarifa Flexibles Netz"}]},{"@type":"WebSite","@id":"https:\/\/laresidenciatarifa.com\/de\/#website","url":"https:\/\/laresidenciatarifa.com\/de\/","name":"La Residencia Tarifa","description":"Hotel, apartamentos, spa y restaurante","publisher":{"@id":"https:\/\/laresidenciatarifa.com\/de\/#organization"},"potentialAction":[{"@type":"SearchAction","target":{"@type":"EntryPoint","urlTemplate":"https:\/\/laresidenciatarifa.com\/de\/?s={search_term_string}"},"query-input":{"@type":"PropertyValueSpecification","valueRequired":true,"valueName":"search_term_string"}}],"inLanguage":"de"},{"@type":"Organization","@id":"https:\/\/laresidenciatarifa.com\/de\/#organization","name":"La Residencia Tarifa","url":"https:\/\/laresidenciatarifa.com\/de\/","logo":{"@type":"ImageObject","inLanguage":"de","@id":"https:\/\/laresidenciatarifa.com\/de\/#\/schema\/logo\/image\/","url":"https:\/\/laresidenciatarifa.com\/wp-content\/uploads\/2022\/12\/logoLaResidencia.png","contentUrl":"https:\/\/laresidenciatarifa.com\/wp-content\/uploads\/2022\/12\/logoLaResidencia.png","width":113,"height":75,"caption":"La Residencia Tarifa"},"image":{"@id":"https:\/\/laresidenciatarifa.com\/de\/#\/schema\/logo\/image\/"}}]}},"_links":{"self":[{"href":"https:\/\/laresidenciatarifa.com\/de\/wp-json\/wp\/v2\/oferta\/15875","targetHints":{"allow":["GET"]}}],"collection":[{"href":"https:\/\/laresidenciatarifa.com\/de\/wp-json\/wp\/v2\/oferta"}],"about":[{"href":"https:\/\/laresidenciatarifa.com\/de\/wp-json\/wp\/v2\/types\/oferta"}],"version-history":[{"count":3,"href":"https:\/\/laresidenciatarifa.com\/de\/wp-json\/wp\/v2\/oferta\/15875\/revisions"}],"predecessor-version":[{"id":21227,"href":"https:\/\/laresidenciatarifa.com\/de\/wp-json\/wp\/v2\/oferta\/15875\/revisions\/21227"}],"wp:featuredmedia":[{"embeddable":true,"href":"https:\/\/laresidenciatarifa.com\/de\/wp-json\/wp\/v2\/media\/18606"}],"wp:attachment":[{"href":"https:\/\/laresidenciatarifa.com\/de\/wp-json\/wp\/v2\/media?parent=15875"}],"wp:term":[{"taxonomy":"categoria-oferta","embeddable":true,"href":"https:\/\/laresidenciatarifa.com\/de\/wp-json\/wp\/v2\/categoria-oferta?post=15875"}],"curies":[{"name":"wp","href":"https:\/\/api.w.org\/{rel}","templated":true}]}}

<p>Wir möchten das Hotel sein, das Sie direkt und nicht über Dritte buchen&#8230;</p>



<p>Buchen Sie hier; Sie erhalten den <strong>besten verfügbaren Preis und die größte Flexibilität.</strong></p>

<!-- This site is optimized with the Yoast SEO plugin v27.5 - https://yoast.com/product/yoast-seo-wordpress/ -->
<title>Tarifa Flexibles Netz - La Residencia Tarifa</title>
<meta name="robots" content="noindex, follow" />
<meta property="og:locale" content="de_DE" />
<meta property="og:type" content="article" />
<meta property="og:title" content="Tarifa Flexibles Netz - La Residencia Tarifa" />
<meta property="og:description" content="Wir möchten das Hotel sein, das Sie direkt und nicht über Dritte buchen&#8230; Buchen Sie hier; Sie erhalten den besten verfügbaren Preis und die größte Flexibilität." />
<meta property="og:url" content="https://laresidenciatarifa.com/de/oferta/sind-sie-eine-freie-seele/" />
<meta property="og:site_name" content="La Residencia Tarifa" />
<meta property="article:modified_time" content="2025-10-20T14:32:43+00:00" />
<meta property="og:image" content="https://laresidenciatarifa.com/wp-content/uploads/2025/01/hotel-tarifa-trabaja-con-nosotros-4-1.jpg" />
	<meta property="og:image:width" content="1500" />
	<meta property="og:image:height" content="803" />
	<meta property="og:image:type" content="image/jpeg" />
<meta name="twitter:card" content="summary_large_image" />
<meta name="twitter:label1" content="Geschätzte Lesezeit" />
	<meta name="twitter:data1" content="1 Minute" />
<script type="application/ld+json" class="yoast-schema-graph">{"@context":"https:\/\/schema.org","@graph":[{"@type":"WebPage","@id":"https:\/\/laresidenciatarifa.com\/de\/oferta\/sind-sie-eine-freie-seele\/","url":"https:\/\/laresidenciatarifa.com\/de\/oferta\/sind-sie-eine-freie-seele\/","name":"Tarifa Flexibles Netz - La Residencia Tarifa","isPartOf":{"@id":"https:\/\/laresidenciatarifa.com\/de\/#website"},"primaryImageOfPage":{"@id":"https:\/\/laresidenciatarifa.com\/de\/oferta\/sind-sie-eine-freie-seele\/#primaryimage"},"image":{"@id":"https:\/\/laresidenciatarifa.com\/de\/oferta\/sind-sie-eine-freie-seele\/#primaryimage"},"thumbnailUrl":"https:\/\/laresidenciatarifa.com\/wp-content\/uploads\/2025\/01\/hotel-tarifa-trabaja-con-nosotros-4-1.jpg","datePublished":"2024-05-13T11:27:51+00:00","dateModified":"2025-10-20T14:32:43+00:00","breadcrumb":{"@id":"https:\/\/laresidenciatarifa.com\/de\/oferta\/sind-sie-eine-freie-seele\/#breadcrumb"},"inLanguage":"de","potentialAction":[{"@type":"ReadAction","target":["https:\/\/laresidenciatarifa.com\/de\/oferta\/sind-sie-eine-freie-seele\/"]}]},{"@type":"ImageObject","inLanguage":"de","@id":"https:\/\/laresidenciatarifa.com\/de\/oferta\/sind-sie-eine-freie-seele\/#primaryimage","url":"https:\/\/laresidenciatarifa.com\/wp-content\/uploads\/2025\/01\/hotel-tarifa-trabaja-con-nosotros-4-1.jpg","contentUrl":"https:\/\/laresidenciatarifa.com\/wp-content\/uploads\/2025\/01\/hotel-tarifa-trabaja-con-nosotros-4-1.jpg","width":1500,"height":803},{"@type":"BreadcrumbList","@id":"https:\/\/laresidenciatarifa.com\/de\/oferta\/sind-sie-eine-freie-seele\/#breadcrumb","itemListElement":[{"@type":"ListItem","position":1,"name":"Portada","item":"https:\/\/laresidenciatarifa.com\/de\/"},{"@type":"ListItem","position":2,"name":"Tarifa Flexibles Netz"}]},{"@type":"WebSite","@id":"https:\/\/laresidenciatarifa.com\/de\/#website","url":"https:\/\/laresidenciatarifa.com\/de\/","name":"La Residencia Tarifa","description":"Hotel, apartamentos, spa y restaurante","publisher":{"@id":"https:\/\/laresidenciatarifa.com\/de\/#organization"},"potentialAction":[{"@type":"SearchAction","target":{"@type":"EntryPoint","urlTemplate":"https:\/\/laresidenciatarifa.com\/de\/?s={search_term_string}"},"query-input":{"@type":"PropertyValueSpecification","valueRequired":true,"valueName":"search_term_string"}}],"inLanguage":"de"},{"@type":"Organization","@id":"https:\/\/laresidenciatarifa.com\/de\/#organization","name":"La Residencia Tarifa","url":"https:\/\/laresidenciatarifa.com\/de\/","logo":{"@type":"ImageObject","inLanguage":"de","@id":"https:\/\/laresidenciatarifa.com\/de\/#\/schema\/logo\/image\/","url":"https:\/\/laresidenciatarifa.com\/wp-content\/uploads\/2022\/12\/logoLaResidencia.png","contentUrl":"https:\/\/laresidenciatarifa.com\/wp-content\/uploads\/2022\/12\/logoLaResidencia.png","width":113,"height":75,"caption":"La Residencia Tarifa"},"image":{"@id":"https:\/\/laresidenciatarifa.com\/de\/#\/schema\/logo\/image\/"}}]}</script>
<!-- / Yoast SEO plugin. -->

Wir möchten das Hotel sein, das Sie direkt und nicht über Dritte buchen&#8230; Buchen Sie hier; Sie erhalten den besten verfügbaren Preis und die größte Flexibilität.
